{"id":617,"date":"2024-07-15T07:30:14","date_gmt":"2024-07-15T07:30:14","guid":{"rendered":"https:\/\/oleomitiga.com\/?page_id=617"},"modified":"2025-05-26T11:35:19","modified_gmt":"2025-05-26T11:35:19","slug":"fact-sheets","status":"publish","type":"page","link":"https:\/\/oleomitiga.com\/index.php\/fact-sheets\/","title":{"rendered":"Fact Sheets"},"content":{"rendered":"\n<div class=\"wp-block-columns is-layout-flex wp-container-core-columns-is-layout-28f84493 wp-block-columns-is-layout-flex\">\n<div class=\"wp-block-column has-border-color is-layout-flow wp-container-core-column-is-layout-f5bb311e wp-block-column-is-layout-flow\" style=\"border-color:#dab931;border-width:9px\">\n<figure class=\"wp-block-image aligncenter size-full is-resized\"><img fetchpriority=\"high\" decoding=\"async\" width=\"564\" height=\"797\" src=\"https:\/\/oleomitiga.com\/wp-content\/uploads\/2024\/07\/Fact-Sheet-1-Validacion-y-Verificacion.png\" alt=\"Fact Sheets 01\" class=\"wp-image-618\" style=\"width:300px\" srcset=\"https:\/\/oleomitiga.com\/wp-content\/uploads\/2024\/07\/Fact-Sheet-1-Validacion-y-Verificacion.png 564w, https:\/\/oleomitiga.com\/wp-content\/uploads\/2024\/07\/Fact-Sheet-1-Validacion-y-Verificacion-212x300.png 212w\" sizes=\"(max-width: 564px) 100vw, 564px\" \/><\/figure>\n\n\n\n<h3 class=\"wp-block-heading has-text-align-center has-background\" style=\"background-color:#dab931\"><strong>FACT SHEET 01<\/strong><\/h3>\n\n\n\n<h4 class=\"wp-block-heading has-text-align-center\"><strong>VALIDACI\u00d3N Y VERIFICACI\u00d3N<\/strong><\/h4>\n\n\n\n<div class=\"wp-block-file aligncenter\"><a id=\"wp-block-file--media-2e790fb0-cf9d-4ef4-b25c-035c5ddfada8\" href=\"https:\/\/oleomitiga.com\/wp-content\/uploads\/2024\/07\/Fact-Sheet-Validacion-y-Verificacion-Oleo-Mitiga.pdf\" target=\"_blank\" rel=\"noreferrer noopener\">FACT SHEET 01 &#8211; VALIDACI\u00d3N Y VERIFICACI\u00d3N<\/a><a href=\"https:\/\/oleomitiga.com\/wp-content\/uploads\/2024\/07\/Fact-Sheet-Validacion-y-Verificacion-Oleo-Mitiga.pdf\" class=\"wp-block-file__button wp-element-button\" download aria-describedby=\"wp-block-file--media-2e790fb0-cf9d-4ef4-b25c-035c5ddfada8\">Descarga<\/a><\/div>\n<\/div>\n\n\n\n<div class=\"wp-block-column has-border-color is-layout-flow wp-container-core-column-is-layout-f5bb311e wp-block-column-is-layout-flow\" style=\"border-color:#dab931;border-width:9px\">\n<figure class=\"wp-block-image aligncenter size-full is-resized\"><img decoding=\"async\" width=\"1414\" height=\"2000\" src=\"https:\/\/oleomitiga.com\/wp-content\/uploads\/2024\/09\/Fact-Sheet-Buenas-Practicas.png\" alt=\"Fact Sheets 02\" class=\"wp-image-646\" style=\"width:300px\" srcset=\"https:\/\/oleomitiga.com\/wp-content\/uploads\/2024\/09\/Fact-Sheet-Buenas-Practicas.png 1414w, https:\/\/oleomitiga.com\/wp-content\/uploads\/2024\/09\/Fact-Sheet-Buenas-Practicas-212x300.png 212w, https:\/\/oleomitiga.com\/wp-content\/uploads\/2024\/09\/Fact-Sheet-Buenas-Practicas-724x1024.png 724w, https:\/\/oleomitiga.com\/wp-content\/uploads\/2024\/09\/Fact-Sheet-Buenas-Practicas-768x1086.png 768w, https:\/\/oleomitiga.com\/wp-content\/uploads\/2024\/09\/Fact-Sheet-Buenas-Practicas-1086x1536.png 1086w\" sizes=\"(max-width: 1414px) 100vw, 1414px\" \/><\/figure>\n\n\n\n<h3 class=\"wp-block-heading has-text-align-center has-background\" style=\"background-color:#dab931\"><strong>FACT SHEET 02<\/strong><\/h3>\n\n\n\n<h4 class=\"wp-block-heading has-text-align-center\"><strong>BUENAS PR\u00c1CTICAS<\/strong><\/h4>\n\n\n\n<div class=\"wp-block-file aligncenter\"><a id=\"wp-block-file--media-9255b3b2-ff68-4eaa-9fd4-c573ff9057d1\" href=\"https:\/\/oleomitiga.com\/wp-content\/uploads\/2024\/09\/Fact-Sheet-02-Buenas-Practicas-1.pdf\" target=\"_blank\" rel=\"noreferrer noopener\">FACT SHEET 02 &#8211; BUENAS PR\u00c1CTICAS<\/a><a href=\"https:\/\/oleomitiga.com\/wp-content\/uploads\/2024\/09\/Fact-Sheet-02-Buenas-Practicas-1.pdf\" class=\"wp-block-file__button wp-element-button\" download aria-describedby=\"wp-block-file--media-9255b3b2-ff68-4eaa-9fd4-c573ff9057d1\">Descarga<\/a><\/div>\n<\/div>\n\n\n\n<div class=\"wp-block-column has-border-color is-layout-flow wp-container-core-column-is-layout-f5bb311e wp-block-column-is-layout-flow\" style=\"border-color:#dab931;border-width:9px\">\n<figure class=\"wp-block-image aligncenter size-full is-resized\"><img decoding=\"async\" width=\"1414\" height=\"2000\" src=\"https:\/\/oleomitiga.com\/wp-content\/uploads\/2024\/11\/1.png\" alt=\"\" class=\"wp-image-672\" style=\"width:300px\" srcset=\"https:\/\/oleomitiga.com\/wp-content\/uploads\/2024\/11\/1.png 1414w, https:\/\/oleomitiga.com\/wp-content\/uploads\/2024\/11\/1-212x300.png 212w, https:\/\/oleomitiga.com\/wp-content\/uploads\/2024\/11\/1-724x1024.png 724w, https:\/\/oleomitiga.com\/wp-content\/uploads\/2024\/11\/1-768x1086.png 768w, https:\/\/oleomitiga.com\/wp-content\/uploads\/2024\/11\/1-1086x1536.png 1086w\" sizes=\"(max-width: 1414px) 100vw, 1414px\" \/><\/figure>\n\n\n\n<h3 class=\"wp-block-heading has-text-align-center has-background\" style=\"background-color:#dab931\"><strong>FACT SHEET 03<\/strong><\/h3>\n\n\n\n<h4 class=\"wp-block-heading has-text-align-center\"><strong>MEDICI\u00d3N DE CARBONO<\/strong><\/h4>\n\n\n\n<div class=\"wp-block-file aligncenter\"><a id=\"wp-block-file--media-55d803ce-acb5-4e92-a96a-bd1e4bad588c\" href=\"https:\/\/oleomitiga.com\/wp-content\/uploads\/2024\/11\/FACT-SHEET-03-MEDICION-DE-CARBONO.pdf\" target=\"_blank\" rel=\"noreferrer noopener\">FACT SHEET 03 &#8211; MEDICI\u00d3N DE CARBONO<\/a><a href=\"https:\/\/oleomitiga.com\/wp-content\/uploads\/2024\/11\/FACT-SHEET-03-MEDICION-DE-CARBONO.pdf\" class=\"wp-block-file__button wp-element-button\" download aria-describedby=\"wp-block-file--media-55d803ce-acb5-4e92-a96a-bd1e4bad588c\">Descarga<\/a><\/div>\n<\/div>\n<\/div>\n\n\n\n<div class=\"wp-block-columns is-layout-flex wp-container-core-columns-is-layout-28f84493 wp-block-columns-is-layout-flex\">\n<div class=\"wp-block-column has-border-color is-layout-flow wp-container-core-column-is-layout-f5bb311e wp-block-column-is-layout-flow\" style=\"border-color:#dab931;border-width:9px\">\n<figure class=\"wp-block-image aligncenter size-full is-resized\"><img loading=\"lazy\" decoding=\"async\" width=\"1414\" height=\"2000\" src=\"https:\/\/oleomitiga.com\/wp-content\/uploads\/2025\/01\/3.png\" alt=\"\" class=\"wp-image-685\" style=\"width:300px;height:auto\" srcset=\"https:\/\/oleomitiga.com\/wp-content\/uploads\/2025\/01\/3.png 1414w, https:\/\/oleomitiga.com\/wp-content\/uploads\/2025\/01\/3-212x300.png 212w, https:\/\/oleomitiga.com\/wp-content\/uploads\/2025\/01\/3-724x1024.png 724w, https:\/\/oleomitiga.com\/wp-content\/uploads\/2025\/01\/3-768x1086.png 768w, https:\/\/oleomitiga.com\/wp-content\/uploads\/2025\/01\/3-1086x1536.png 1086w\" sizes=\"(max-width: 1414px) 100vw, 1414px\" \/><\/figure>\n\n\n\n<h3 class=\"wp-block-heading has-text-align-center has-background\" style=\"background-color:#dab931\"><strong>FACT SHEET 04<\/strong><\/h3>\n\n\n\n<h4 class=\"wp-block-heading has-text-align-center\"><strong>INDUSTRIA OLE\u00cdCOLA<\/strong><\/h4>\n\n\n\n<div class=\"wp-block-file aligncenter\"><a id=\"wp-block-file--media-3645055b-250a-48c7-88f5-af7e1dd8a5f9\" href=\"https:\/\/oleomitiga.com\/wp-content\/uploads\/2025\/01\/Fact-Sheet-04-Acciones-para-una-Industria-Oleicola-mas-Sostenible.pdf\" target=\"_blank\" rel=\"noreferrer noopener\">Fact Sheet 04 Acciones para una Industria Ole\u00edcola m\u00e1s Sostenible<\/a><a href=\"https:\/\/oleomitiga.com\/wp-content\/uploads\/2025\/01\/Fact-Sheet-04-Acciones-para-una-Industria-Oleicola-mas-Sostenible.pdf\" class=\"wp-block-file__button wp-element-button\" download aria-describedby=\"wp-block-file--media-3645055b-250a-48c7-88f5-af7e1dd8a5f9\">Descarga<\/a><\/div>\n<\/div>\n\n\n\n<div class=\"wp-block-column has-border-color is-layout-flow wp-container-core-column-is-layout-f5bb311e wp-block-column-is-layout-flow\" style=\"border-color:#dab931;border-width:9px\">\n<figure class=\"wp-block-image aligncenter size-full is-resized\"><img loading=\"lazy\" decoding=\"async\" width=\"1414\" height=\"2000\" src=\"https:\/\/oleomitiga.com\/wp-content\/uploads\/2025\/05\/3-2.png\" alt=\"\" class=\"wp-image-736\" style=\"width:300px;height:auto\" srcset=\"https:\/\/oleomitiga.com\/wp-content\/uploads\/2025\/05\/3-2.png 1414w, https:\/\/oleomitiga.com\/wp-content\/uploads\/2025\/05\/3-2-212x300.png 212w, https:\/\/oleomitiga.com\/wp-content\/uploads\/2025\/05\/3-2-724x1024.png 724w, https:\/\/oleomitiga.com\/wp-content\/uploads\/2025\/05\/3-2-768x1086.png 768w, https:\/\/oleomitiga.com\/wp-content\/uploads\/2025\/05\/3-2-1086x1536.png 1086w\" sizes=\"(max-width: 1414px) 100vw, 1414px\" \/><\/figure>\n\n\n\n<h3 class=\"wp-block-heading has-text-align-center has-background\" style=\"background-color:#dab931\"><strong>FACT SHEET 05<\/strong><\/h3>\n\n\n\n<h4 class=\"wp-block-heading has-text-align-center\"><strong>MERCADOS DE CARBONO<\/strong><\/h4>\n\n\n\n<div class=\"wp-block-file aligncenter\"><a id=\"wp-block-file--media-891021cc-04d3-4c89-8a04-40b49b29d4e0\" href=\"https:\/\/oleomitiga.com\/wp-content\/uploads\/2025\/05\/FactSheet-05-MercadoS-de-Carbono.pdf\" target=\"_blank\" rel=\"noreferrer noopener\">FactSheet 05 MercadoS de Carbono<\/a><a href=\"https:\/\/oleomitiga.com\/wp-content\/uploads\/2025\/05\/FactSheet-05-MercadoS-de-Carbono.pdf\" class=\"wp-block-file__button wp-element-button\" download aria-describedby=\"wp-block-file--media-891021cc-04d3-4c89-8a04-40b49b29d4e0\">Descarga<\/a><\/div>\n<\/div>\n\n\n\n<div class=\"wp-block-column is-layout-flow wp-block-column-is-layout-flow\"><\/div>\n<\/div>\n","protected":false},"excerpt":{"rendered":"<p>FACT SHEET 01 VALIDACI\u00d3N Y VERIFICACI\u00d3N FACT SHEET 02 BUENAS PR\u00c1CTICAS FACT SHEET 03 MEDICI\u00d3N DE CARBONO FACT SHEET 04 [&hellip;]<\/p>\n","protected":false},"author":1,"featured_media":0,"parent":0,"menu_order":0,"comment_status":"closed","ping_status":"closed","template":"","meta":{"site-sidebar-layout":"default","site-content-layout":"","ast-site-content-layout":"default","site-content-style":"default","site-sidebar-style":"default","ast-global-header-display":"","ast-banner-title-visibility":"","ast-main-header-display":"","ast-hfb-above-header-display":"","ast-hfb-below-header-display":"","ast-hfb-mobile-header-display":"","site-post-title":"disabled","ast-breadcrumbs-content":"","ast-featured-img":"","footer-sml-layout":"","theme-transparent-header-meta":"","adv-header-id-meta":"","stick-header-meta":"","header-above-stick-meta":"","header-main-stick-meta":"","header-below-stick-meta":"","astra-migrate-meta-layouts":"default","ast-page-background-enabled":"default","ast-page-background-meta":{"desktop":{"background-color":"var(--ast-global-color-4)","background-image":"","background-repeat":"repeat","background-position":"center center","background-size":"auto","background-attachment":"scroll","background-type":"","background-media":"","overlay-type":"","overlay-color":"","overlay-opacity":"","overlay-gradient":""},"tablet":{"background-color":"","background-image":"","background-repeat":"repeat","background-position":"center center","background-size":"auto","background-attachment":"scroll","background-type":"","background-media":"","overlay-type":"","overlay-color":"","overlay-opacity":"","overlay-gradient":""},"mobile":{"background-color":"","background-image":"","background-repeat":"repeat","background-position":"center center","background-size":"auto","background-attachment":"scroll","background-type":"","background-media":"","overlay-type":"","overlay-color":"","overlay-opacity":"","overlay-gradient":""}},"ast-content-background-meta":{"desktop":{"background-color":"var(--ast-global-color-5)","background-image":"","background-repeat":"repeat","background-position":"center center","background-size":"auto","background-attachment":"scroll","background-type":"","background-media":"","overlay-type":"","overlay-color":"","overlay-opacity":"","overlay-gradient":""},"tablet":{"background-color":"var(--ast-global-color-5)","background-image":"","background-repeat":"repeat","background-position":"center center","background-size":"auto","background-attachment":"scroll","background-type":"","background-media":"","overlay-type":"","overlay-color":"","overlay-opacity":"","overlay-gradient":""},"mobile":{"background-color":"var(--ast-global-color-5)","background-image":"","background-repeat":"repeat","background-position":"center center","background-size":"auto","background-attachment":"scroll","background-type":"","background-media":"","overlay-type":"","overlay-color":"","overlay-opacity":"","overlay-gradient":""}},"footnotes":""},"class_list":["post-617","page","type-page","status-publish","hentry"],"yoast_head":"<!-- This site is optimized with the Yoast SEO plugin v27.3 - https:\/\/yoast.com\/product\/yoast-seo-wordpress\/ -->\n<title>Fact Sheets - Oleo Mitiga<\/title>\n<meta name=\"description\" content=\"Fact Sheets - Recopilaci\u00f3n de Fact Sheets generados en el marco del proyecto Oleo Mitiga para informaci\u00f3n de los lectores.\" \/>\n<meta name=\"robots\" content=\"index, follow, max-snippet:-1, max-image-preview:large, max-video-preview:-1\" \/>\n<link rel=\"canonical\" href=\"https:\/\/oleomitiga.com\/index.php\/fact-sheets\/\" \/>\n<meta property=\"og:locale\" content=\"es_ES\" \/>\n<meta property=\"og:type\" content=\"article\" \/>\n<meta property=\"og:title\" content=\"Fact Sheets - Oleo Mitiga\" \/>\n<meta property=\"og:description\" content=\"Fact Sheets - Recopilaci\u00f3n de Fact Sheets generados en el marco del proyecto Oleo Mitiga para informaci\u00f3n de los lectores.\" \/>\n<meta property=\"og:url\" content=\"https:\/\/oleomitiga.com\/index.php\/fact-sheets\/\" \/>\n<meta property=\"article:modified_time\" content=\"2025-05-26T11:35:19+00:00\" \/>\n<meta property=\"og:image\" content=\"https:\/\/oleomitiga.com\/wp-content\/uploads\/2024\/07\/Fact-Sheet-1-Validacion-y-Verificacion.png\" \/>\n\t<meta property=\"og:image:width\" content=\"564\" \/>\n\t<meta property=\"og:image:height\" content=\"797\" \/>\n\t<meta property=\"og:image:type\" content=\"image\/png\" \/>\n<meta name=\"twitter:card\" content=\"summary_large_image\" \/>\n<meta name=\"twitter:label1\" content=\"Tiempo de lectura\" \/>\n\t<meta name=\"twitter:data1\" content=\"2 minutos\" \/>\n<script type=\"application\/ld+json\" class=\"yoast-schema-graph\">{\"@context\":\"https:\\\/\\\/schema.org\",\"@graph\":[{\"@type\":\"WebPage\",\"@id\":\"https:\\\/\\\/oleomitiga.com\\\/index.php\\\/fact-sheets\\\/\",\"url\":\"https:\\\/\\\/oleomitiga.com\\\/index.php\\\/fact-sheets\\\/\",\"name\":\"Fact Sheets - Oleo Mitiga\",\"isPartOf\":{\"@id\":\"https:\\\/\\\/oleomitiga.com\\\/#website\"},\"primaryImageOfPage\":{\"@id\":\"https:\\\/\\\/oleomitiga.com\\\/index.php\\\/fact-sheets\\\/#primaryimage\"},\"image\":{\"@id\":\"https:\\\/\\\/oleomitiga.com\\\/index.php\\\/fact-sheets\\\/#primaryimage\"},\"thumbnailUrl\":\"https:\\\/\\\/oleomitiga.com\\\/wp-content\\\/uploads\\\/2024\\\/07\\\/Fact-Sheet-1-Validacion-y-Verificacion.png\",\"datePublished\":\"2024-07-15T07:30:14+00:00\",\"dateModified\":\"2025-05-26T11:35:19+00:00\",\"description\":\"Fact Sheets - Recopilaci\u00f3n de Fact Sheets generados en el marco del proyecto Oleo Mitiga para informaci\u00f3n de los lectores.\",\"breadcrumb\":{\"@id\":\"https:\\\/\\\/oleomitiga.com\\\/index.php\\\/fact-sheets\\\/#breadcrumb\"},\"inLanguage\":\"es\",\"potentialAction\":[{\"@type\":\"ReadAction\",\"target\":[\"https:\\\/\\\/oleomitiga.com\\\/index.php\\\/fact-sheets\\\/\"]}]},{\"@type\":\"ImageObject\",\"inLanguage\":\"es\",\"@id\":\"https:\\\/\\\/oleomitiga.com\\\/index.php\\\/fact-sheets\\\/#primaryimage\",\"url\":\"https:\\\/\\\/oleomitiga.com\\\/wp-content\\\/uploads\\\/2024\\\/07\\\/Fact-Sheet-1-Validacion-y-Verificacion.png\",\"contentUrl\":\"https:\\\/\\\/oleomitiga.com\\\/wp-content\\\/uploads\\\/2024\\\/07\\\/Fact-Sheet-1-Validacion-y-Verificacion.png\",\"width\":564,\"height\":797},{\"@type\":\"BreadcrumbList\",\"@id\":\"https:\\\/\\\/oleomitiga.com\\\/index.php\\\/fact-sheets\\\/#breadcrumb\",\"itemListElement\":[{\"@type\":\"ListItem\",\"position\":1,\"name\":\"Portada\",\"item\":\"https:\\\/\\\/oleomitiga.com\\\/\"},{\"@type\":\"ListItem\",\"position\":2,\"name\":\"Fact Sheets\"}]},{\"@type\":\"WebSite\",\"@id\":\"https:\\\/\\\/oleomitiga.com\\\/#website\",\"url\":\"https:\\\/\\\/oleomitiga.com\\\/\",\"name\":\"\",\"description\":\"\",\"potentialAction\":[{\"@type\":\"SearchAction\",\"target\":{\"@type\":\"EntryPoint\",\"urlTemplate\":\"https:\\\/\\\/oleomitiga.com\\\/?s={search_term_string}\"},\"query-input\":{\"@type\":\"PropertyValueSpecification\",\"valueRequired\":true,\"valueName\":\"search_term_string\"}}],\"inLanguage\":\"es\"}]}<\/script>\n<!-- \/ Yoast SEO plugin. -->","yoast_head_json":{"title":"Fact Sheets - Oleo Mitiga","description":"Fact Sheets - Recopilaci\u00f3n de Fact Sheets generados en el marco del proyecto Oleo Mitiga para informaci\u00f3n de los lectores.","robots":{"index":"index","follow":"follow","max-snippet":"max-snippet:-1","max-image-preview":"max-image-preview:large","max-video-preview":"max-video-preview:-1"},"canonical":"https:\/\/oleomitiga.com\/index.php\/fact-sheets\/","og_locale":"es_ES","og_type":"article","og_title":"Fact Sheets - Oleo Mitiga","og_description":"Fact Sheets - Recopilaci\u00f3n de Fact Sheets generados en el marco del proyecto Oleo Mitiga para informaci\u00f3n de los lectores.","og_url":"https:\/\/oleomitiga.com\/index.php\/fact-sheets\/","article_modified_time":"2025-05-26T11:35:19+00:00","og_image":[{"width":564,"height":797,"url":"https:\/\/oleomitiga.com\/wp-content\/uploads\/2024\/07\/Fact-Sheet-1-Validacion-y-Verificacion.png","type":"image\/png"}],"twitter_card":"summary_large_image","twitter_misc":{"Tiempo de lectura":"2 minutos"},"schema":{"@context":"https:\/\/schema.org","@graph":[{"@type":"WebPage","@id":"https:\/\/oleomitiga.com\/index.php\/fact-sheets\/","url":"https:\/\/oleomitiga.com\/index.php\/fact-sheets\/","name":"Fact Sheets - Oleo Mitiga","isPartOf":{"@id":"https:\/\/oleomitiga.com\/#website"},"primaryImageOfPage":{"@id":"https:\/\/oleomitiga.com\/index.php\/fact-sheets\/#primaryimage"},"image":{"@id":"https:\/\/oleomitiga.com\/index.php\/fact-sheets\/#primaryimage"},"thumbnailUrl":"https:\/\/oleomitiga.com\/wp-content\/uploads\/2024\/07\/Fact-Sheet-1-Validacion-y-Verificacion.png","datePublished":"2024-07-15T07:30:14+00:00","dateModified":"2025-05-26T11:35:19+00:00","description":"Fact Sheets - Recopilaci\u00f3n de Fact Sheets generados en el marco del proyecto Oleo Mitiga para informaci\u00f3n de los lectores.","breadcrumb":{"@id":"https:\/\/oleomitiga.com\/index.php\/fact-sheets\/#breadcrumb"},"inLanguage":"es","potentialAction":[{"@type":"ReadAction","target":["https:\/\/oleomitiga.com\/index.php\/fact-sheets\/"]}]},{"@type":"ImageObject","inLanguage":"es","@id":"https:\/\/oleomitiga.com\/index.php\/fact-sheets\/#primaryimage","url":"https:\/\/oleomitiga.com\/wp-content\/uploads\/2024\/07\/Fact-Sheet-1-Validacion-y-Verificacion.png","contentUrl":"https:\/\/oleomitiga.com\/wp-content\/uploads\/2024\/07\/Fact-Sheet-1-Validacion-y-Verificacion.png","width":564,"height":797},{"@type":"BreadcrumbList","@id":"https:\/\/oleomitiga.com\/index.php\/fact-sheets\/#breadcrumb","itemListElement":[{"@type":"ListItem","position":1,"name":"Portada","item":"https:\/\/oleomitiga.com\/"},{"@type":"ListItem","position":2,"name":"Fact Sheets"}]},{"@type":"WebSite","@id":"https:\/\/oleomitiga.com\/#website","url":"https:\/\/oleomitiga.com\/","name":"","description":"","potentialAction":[{"@type":"SearchAction","target":{"@type":"EntryPoint","urlTemplate":"https:\/\/oleomitiga.com\/?s={search_term_string}"},"query-input":{"@type":"PropertyValueSpecification","valueRequired":true,"valueName":"search_term_string"}}],"inLanguage":"es"}]}},"_links":{"self":[{"href":"https:\/\/oleomitiga.com\/index.php\/wp-json\/wp\/v2\/pages\/617","targetHints":{"allow":["GET"]}}],"collection":[{"href":"https:\/\/oleomitiga.com\/index.php\/wp-json\/wp\/v2\/pages"}],"about":[{"href":"https:\/\/oleomitiga.com\/index.php\/wp-json\/wp\/v2\/types\/page"}],"author":[{"embeddable":true,"href":"https:\/\/oleomitiga.com\/index.php\/wp-json\/wp\/v2\/users\/1"}],"replies":[{"embeddable":true,"href":"https:\/\/oleomitiga.com\/index.php\/wp-json\/wp\/v2\/comments?post=617"}],"version-history":[{"count":10,"href":"https:\/\/oleomitiga.com\/index.php\/wp-json\/wp\/v2\/pages\/617\/revisions"}],"predecessor-version":[{"id":737,"href":"https:\/\/oleomitiga.com\/index.php\/wp-json\/wp\/v2\/pages\/617\/revisions\/737"}],"wp:attachment":[{"href":"https:\/\/oleomitiga.com\/index.php\/wp-json\/wp\/v2\/media?parent=617"}],"curies":[{"name":"wp","href":"https:\/\/api.w.org\/{rel}","templated":true}]}}