{"id":559,"date":"2024-06-07T10:26:43","date_gmt":"2024-06-07T10:26:43","guid":{"rendered":"https:\/\/oleomitiga.com\/?page_id=559"},"modified":"2025-06-18T08:04:31","modified_gmt":"2025-06-18T08:04:31","slug":"noticias","status":"publish","type":"page","link":"https:\/\/oleomitiga.com\/index.php\/noticias\/","title":{"rendered":"Noticias"},"content":{"rendered":"<ul class=\"wp-block-latest-posts__list has-dates wp-block-latest-posts\"><li><div class=\"wp-block-latest-posts__featured-image alignleft\"><img fetchpriority=\"high\" decoding=\"async\" width=\"300\" height=\"167\" src=\"https:\/\/oleomitiga.com\/wp-content\/uploads\/2025\/05\/Captura-de-pantalla-2025-05-12-194552-300x167.png\" class=\"attachment-medium size-medium wp-post-image\" alt=\"\" style=\"\" srcset=\"https:\/\/oleomitiga.com\/wp-content\/uploads\/2025\/05\/Captura-de-pantalla-2025-05-12-194552-300x167.png 300w, https:\/\/oleomitiga.com\/wp-content\/uploads\/2025\/05\/Captura-de-pantalla-2025-05-12-194552.png 624w\" sizes=\"(max-width: 300px) 100vw, 300px\" \/><\/div><a class=\"wp-block-latest-posts__post-title\" href=\"https:\/\/oleomitiga.com\/index.php\/2025\/05\/05\/formulario-industria-oleicola\/\">Formulario Industria Ole\u00edcola<\/a><time datetime=\"2025-05-05T11:56:09+00:00\" class=\"wp-block-latest-posts__post-date\">mayo 5, 2025<\/time><div class=\"wp-block-latest-posts__post-excerpt\">\u00a1Tu voz importa! Ay\u00fadanos a construir una agricultura m\u00e1s sostenible \ud83c\udf31 Estimado\/a profesional de la industria ole\u00edcola: Tu participaci\u00f3n es clave para avanzar hacia una industria m\u00e1s sostenible, innovadora y adaptada a los nuevos desaf\u00edos del sector. Queremos conocer tus intereses, necesidades y pr\u00e1cticas actuales para poder dise\u00f1ar estrategias que realmente aporten valor a toda&#8230; <a class=\"wp-block-latest-posts__read-more\" href=\"https:\/\/oleomitiga.com\/index.php\/2025\/05\/05\/formulario-industria-oleicola\/\" rel=\"noopener noreferrer\">Lee m\u00e1s<span class=\"screen-reader-text\">: Formulario Industria Ole\u00edcola<\/span><\/a><\/div><\/li>\n<li><div class=\"wp-block-latest-posts__featured-image alignleft\"><img decoding=\"async\" width=\"300\" height=\"166\" src=\"https:\/\/oleomitiga.com\/wp-content\/uploads\/2025\/05\/Captura-de-pantalla-2025-05-12-194525-300x166.png\" class=\"attachment-medium size-medium wp-post-image\" alt=\"\" style=\"\" srcset=\"https:\/\/oleomitiga.com\/wp-content\/uploads\/2025\/05\/Captura-de-pantalla-2025-05-12-194525-300x166.png 300w, https:\/\/oleomitiga.com\/wp-content\/uploads\/2025\/05\/Captura-de-pantalla-2025-05-12-194525.png 625w\" sizes=\"(max-width: 300px) 100vw, 300px\" \/><\/div><a class=\"wp-block-latest-posts__post-title\" href=\"https:\/\/oleomitiga.com\/index.php\/2025\/05\/05\/formulario-productores-as\/\">Formulario Productores\/as<\/a><time datetime=\"2025-05-05T11:51:25+00:00\" class=\"wp-block-latest-posts__post-date\">mayo 5, 2025<\/time><div class=\"wp-block-latest-posts__post-excerpt\">\u00a1Tu voz importa! Ay\u00fadanos a construir una agricultura m\u00e1s sostenible \ud83c\udf31 Estimado\/a productor\/a: Tu experiencia en el campo es clave para avanzar hacia una agricultura m\u00e1s sostenible y adaptada a la realidad de quienes la hacen posible cada d\u00eda. En el marco de nuestro proyecto, queremos conocer mejor tus intereses, necesidades y pr\u00e1cticas actuales. Esta&#8230; <a class=\"wp-block-latest-posts__read-more\" href=\"https:\/\/oleomitiga.com\/index.php\/2025\/05\/05\/formulario-productores-as\/\" rel=\"noopener noreferrer\">Lee m\u00e1s<span class=\"screen-reader-text\">: Formulario Productores\/as<\/span><\/a><\/div><\/li>\n<li><div class=\"wp-block-latest-posts__featured-image alignleft\"><img decoding=\"async\" width=\"300\" height=\"169\" src=\"https:\/\/oleomitiga.com\/wp-content\/uploads\/2024\/09\/1-300x169.jpg\" class=\"attachment-medium size-medium wp-post-image\" alt=\"Encuentro con CampoGreen\" style=\"\" srcset=\"https:\/\/oleomitiga.com\/wp-content\/uploads\/2024\/09\/1-300x169.jpg 300w, https:\/\/oleomitiga.com\/wp-content\/uploads\/2024\/09\/1-1024x576.jpg 1024w, https:\/\/oleomitiga.com\/wp-content\/uploads\/2024\/09\/1-768x432.jpg 768w, https:\/\/oleomitiga.com\/wp-content\/uploads\/2024\/09\/1-1536x864.jpg 1536w, https:\/\/oleomitiga.com\/wp-content\/uploads\/2024\/09\/1.jpg 1920w\" sizes=\"(max-width: 300px) 100vw, 300px\" \/><\/div><a class=\"wp-block-latest-posts__post-title\" href=\"https:\/\/oleomitiga.com\/index.php\/2024\/09\/17\/intercambio-de-experiencias\/\">Intercambio de experiencias entre Oleo Mitiga y CampoGreen para impulsar la innovaci\u00f3n sostenible en el sector agr\u00edcola<\/a><time datetime=\"2024-09-17T10:49:27+00:00\" class=\"wp-block-latest-posts__post-date\">septiembre 17, 2024<\/time><div class=\"wp-block-latest-posts__post-excerpt\">El pasado 11 de septiembre, nuestro Grupo Operativo Oleo Mitiga se reuni\u00f3 con la empresa CampoGreen para llevar a cabo un enriquecedor intercambio de experiencias. Este encuentro destaca lo valioso que es para nuestro GO conocer las experiencias de otras empresas del sector. Estas colaboraciones nos aportan nuevas perspectivas y aprendizajes que enriquecen nuestras estrategias&#8230; <a class=\"wp-block-latest-posts__read-more\" href=\"https:\/\/oleomitiga.com\/index.php\/2024\/09\/17\/intercambio-de-experiencias\/\" rel=\"noopener noreferrer\">Lee m\u00e1s<span class=\"screen-reader-text\">: Intercambio de experiencias entre Oleo Mitiga y CampoGreen para impulsar la innovaci\u00f3n sostenible en el sector agr\u00edcola<\/span><\/a><\/div><\/li>\n<li><div class=\"wp-block-latest-posts__featured-image alignleft\"><img loading=\"lazy\" decoding=\"async\" width=\"300\" height=\"225\" src=\"https:\/\/oleomitiga.com\/wp-content\/uploads\/2024\/08\/VEMR5926-edited-300x225.jpg\" class=\"attachment-medium size-medium wp-post-image\" alt=\"Oleo Mitiga Obejo\" style=\"\" srcset=\"https:\/\/oleomitiga.com\/wp-content\/uploads\/2024\/08\/VEMR5926-edited-300x225.jpg 300w, https:\/\/oleomitiga.com\/wp-content\/uploads\/2024\/08\/VEMR5926-edited-1024x768.jpg 1024w, https:\/\/oleomitiga.com\/wp-content\/uploads\/2024\/08\/VEMR5926-edited-768x576.jpg 768w, https:\/\/oleomitiga.com\/wp-content\/uploads\/2024\/08\/VEMR5926-edited-1536x1152.jpg 1536w, https:\/\/oleomitiga.com\/wp-content\/uploads\/2024\/08\/VEMR5926-edited-2048x1536.jpg 2048w\" sizes=\"(max-width: 300px) 100vw, 300px\" \/><\/div><a class=\"wp-block-latest-posts__post-title\" href=\"https:\/\/oleomitiga.com\/index.php\/2024\/08\/02\/visita-parcela-obejo\/\">Visita a parcela piloto: Obejo (C\u00f3rdoba) 18\/07\/2024<\/a><time datetime=\"2024-08-02T07:21:17+00:00\" class=\"wp-block-latest-posts__post-date\">agosto 2, 2024<\/time><div class=\"wp-block-latest-posts__post-excerpt\">Visita parcela Obejo. El d\u00eda 18\/07\/2024 se realiz\u00f3 la primera visita a una finca piloto situada en el t\u00e9rmino municipal de Obejo (C\u00f3rdoba). El paisaje predominante en la zona es de serran\u00eda de baja monta\u00f1a con orograf\u00eda abrupta donde se enlazan dehesas, olivares tradicionales de altas pendientes y zonas de monte. Ubicaci\u00f3n (WGS84) 38\u00b006&#8217;52.0&#8243;N 4\u00b045&#8217;23.6&#8243;W&#8230; <a class=\"wp-block-latest-posts__read-more\" href=\"https:\/\/oleomitiga.com\/index.php\/2024\/08\/02\/visita-parcela-obejo\/\" rel=\"noopener noreferrer\">Lee m\u00e1s<span class=\"screen-reader-text\">: Visita a parcela piloto: Obejo (C\u00f3rdoba) 18\/07\/2024<\/span><\/a><\/div><\/li>\n<li><div class=\"wp-block-latest-posts__featured-image alignleft\"><img loading=\"lazy\" decoding=\"async\" width=\"300\" height=\"300\" src=\"https:\/\/oleomitiga.com\/wp-content\/uploads\/2024\/06\/1-300x300.png\" class=\"attachment-medium size-medium wp-post-image\" alt=\"Ley de Monitoreo del Suelo\" style=\"\" srcset=\"https:\/\/oleomitiga.com\/wp-content\/uploads\/2024\/06\/1-300x300.png 300w, https:\/\/oleomitiga.com\/wp-content\/uploads\/2024\/06\/1-1024x1024.png 1024w, https:\/\/oleomitiga.com\/wp-content\/uploads\/2024\/06\/1-150x150.png 150w, https:\/\/oleomitiga.com\/wp-content\/uploads\/2024\/06\/1-768x768.png 768w, https:\/\/oleomitiga.com\/wp-content\/uploads\/2024\/06\/1.png 1080w\" sizes=\"(max-width: 300px) 100vw, 300px\" \/><\/div><a class=\"wp-block-latest-posts__post-title\" href=\"https:\/\/oleomitiga.com\/index.php\/2024\/06\/28\/ley-de-monitoreo-del-suelo\/\">OLEO MITIGA y la UE: Hacia suelos saludables y sostenibles para 2050<\/a><time datetime=\"2024-06-28T08:07:53+00:00\" class=\"wp-block-latest-posts__post-date\">junio 28, 2024<\/time><div class=\"wp-block-latest-posts__post-excerpt\">OLEO MITIGA pretende la adaptaci\u00f3n de buenas pr\u00e1cticas de suelo en olivar tradicional para aumentar el secuestro de carbono y promover la salud del suelo. Esta iniciativa se alinea con la nueva propuesta de Ley de Monitoreo del Suelo de la Uni\u00f3n Europea, que apunta a la salud de los suelos europeos para 2050. Propuesta&#8230; <a class=\"wp-block-latest-posts__read-more\" href=\"https:\/\/oleomitiga.com\/index.php\/2024\/06\/28\/ley-de-monitoreo-del-suelo\/\" rel=\"noopener noreferrer\">Lee m\u00e1s<span class=\"screen-reader-text\">: OLEO MITIGA y la UE: Hacia suelos saludables y sostenibles para 2050<\/span><\/a><\/div><\/li>\n<li><div class=\"wp-block-latest-posts__featured-image alignleft\"><img loading=\"lazy\" decoding=\"async\" width=\"300\" height=\"168\" src=\"https:\/\/oleomitiga.com\/wp-content\/uploads\/2024\/06\/imagen_2024-06-10_111755601-300x168.png\" class=\"attachment-medium size-medium wp-post-image\" alt=\"Entrevista Oleo Mitiga\" style=\"\" srcset=\"https:\/\/oleomitiga.com\/wp-content\/uploads\/2024\/06\/imagen_2024-06-10_111755601-300x168.png 300w, https:\/\/oleomitiga.com\/wp-content\/uploads\/2024\/06\/imagen_2024-06-10_111755601-1024x574.png 1024w, https:\/\/oleomitiga.com\/wp-content\/uploads\/2024\/06\/imagen_2024-06-10_111755601-768x431.png 768w, https:\/\/oleomitiga.com\/wp-content\/uploads\/2024\/06\/imagen_2024-06-10_111755601.png 1273w\" sizes=\"(max-width: 300px) 100vw, 300px\" \/><\/div><a class=\"wp-block-latest-posts__post-title\" href=\"https:\/\/oleomitiga.com\/index.php\/2024\/06\/10\/entrevista-hoy-por-hoy\/\">Entrevista para el programa de radio de la Cadena Ser \u00abHoy por Hoy Lucena\u00bb<\/a><time datetime=\"2024-06-10T09:15:29+00:00\" class=\"wp-block-latest-posts__post-date\">junio 10, 2024<\/time><div class=\"wp-block-latest-posts__post-excerpt\">\u00a1No te pierdas la entrevista que nos realizaron para el programa de radio \u00abHoy por Hoy Lucena\u00bb de la Cadena Ser! Desde el grupo operativo hemos compartido nuestro proyecto de mitigaci\u00f3n del cambio clim\u00e1tico a trav\u00e9s del olivar tradicional. Descubre c\u00f3mo estas pr\u00e1cticas agr\u00edcolas sostenibles est\u00e1n ayudando a proteger nuestro planeta y a promover un&#8230; <a class=\"wp-block-latest-posts__read-more\" href=\"https:\/\/oleomitiga.com\/index.php\/2024\/06\/10\/entrevista-hoy-por-hoy\/\" rel=\"noopener noreferrer\">Lee m\u00e1s<span class=\"screen-reader-text\">: Entrevista para el programa de radio de la Cadena Ser \u00abHoy por Hoy Lucena\u00bb<\/span><\/a><\/div><\/li>\n<li><div class=\"wp-block-latest-posts__featured-image alignleft\"><img loading=\"lazy\" decoding=\"async\" width=\"300\" height=\"200\" src=\"https:\/\/oleomitiga.com\/wp-content\/uploads\/2024\/06\/IMG_4241-1-2-300x200.jpg\" class=\"attachment-medium size-medium wp-post-image\" alt=\"visita a salteras\" style=\"\" srcset=\"https:\/\/oleomitiga.com\/wp-content\/uploads\/2024\/06\/IMG_4241-1-2-300x200.jpg 300w, https:\/\/oleomitiga.com\/wp-content\/uploads\/2024\/06\/IMG_4241-1-2-1024x683.jpg 1024w, https:\/\/oleomitiga.com\/wp-content\/uploads\/2024\/06\/IMG_4241-1-2-768x512.jpg 768w, https:\/\/oleomitiga.com\/wp-content\/uploads\/2024\/06\/IMG_4241-1-2-1536x1024.jpg 1536w\" sizes=\"(max-width: 300px) 100vw, 300px\" \/><\/div><a class=\"wp-block-latest-posts__post-title\" href=\"https:\/\/oleomitiga.com\/index.php\/2024\/06\/07\/visita-a-parcela-piloto\/\">Visita a parcela piloto: SALTERAS (Sevilla) 05\/06\/2024<\/a><time datetime=\"2024-06-07T11:19:00+00:00\" class=\"wp-block-latest-posts__post-date\">junio 7, 2024<\/time><div class=\"wp-block-latest-posts__post-excerpt\">El d\u00eda 05\/06\/2024 se realiz\u00f3 la primera visita a parcela piloto del Grupo Operativo OLEO MITIGA, en una finca situada en el t\u00e9rmino municipal de Salteras (Sevilla). El paisaje predominante en la zona es de campi\u00f1a alomada con \u00e1reas acolinadas y sobrecerros. Ubicaci\u00f3n (WGS84) 37\u00b025&#8217;56.3&#8243;N 6\u00b006&#8217;54.2&#8243;W Tipo de paisaje Campi\u00f1a. Campi\u00f1a alomada Tipo de suelo&#8230; <a class=\"wp-block-latest-posts__read-more\" href=\"https:\/\/oleomitiga.com\/index.php\/2024\/06\/07\/visita-a-parcela-piloto\/\" rel=\"noopener noreferrer\">Lee m\u00e1s<span class=\"screen-reader-text\">: Visita a parcela piloto: SALTERAS (Sevilla) 05\/06\/2024<\/span><\/a><\/div><\/li>\n<\/ul>","protected":false},"excerpt":{"rendered":"","protected":false},"author":1,"featured_media":0,"parent":0,"menu_order":0,"comment_status":"closed","ping_status":"closed","template":"","meta":{"site-sidebar-layout":"default","site-content-layout":"","ast-site-content-layout":"default","site-content-style":"default","site-sidebar-style":"default","ast-global-header-display":"","ast-banner-title-visibility":"","ast-main-header-display":"","ast-hfb-above-header-display":"","ast-hfb-below-header-display":"","ast-hfb-mobile-header-display":"","site-post-title":"disabled","ast-breadcrumbs-content":"","ast-featured-img":"","footer-sml-layout":"","theme-transparent-header-meta":"","adv-header-id-meta":"","stick-header-meta":"","header-above-stick-meta":"","header-main-stick-meta":"","header-below-stick-meta":"","astra-migrate-meta-layouts":"default","ast-page-background-enabled":"default","ast-page-background-meta":{"desktop":{"background-color":"var(--ast-global-color-4)","background-image":"","background-repeat":"repeat","background-position":"center center","background-size":"auto","background-attachment":"scroll","background-type":"","background-media":"","overlay-type":"","overlay-color":"","overlay-opacity":"","overlay-gradient":""},"tablet":{"background-color":"","background-image":"","background-repeat":"repeat","background-position":"center center","background-size":"auto","background-attachment":"scroll","background-type":"","background-media":"","overlay-type":"","overlay-color":"","overlay-opacity":"","overlay-gradient":""},"mobile":{"background-color":"","background-image":"","background-repeat":"repeat","background-position":"center center","background-size":"auto","background-attachment":"scroll","background-type":"","background-media":"","overlay-type":"","overlay-color":"","overlay-opacity":"","overlay-gradient":""}},"ast-content-background-meta":{"desktop":{"background-color":"var(--ast-global-color-5)","background-image":"","background-repeat":"repeat","background-position":"center center","background-size":"auto","background-attachment":"scroll","background-type":"","background-media":"","overlay-type":"","overlay-color":"","overlay-opacity":"","overlay-gradient":""},"tablet":{"background-color":"var(--ast-global-color-5)","background-image":"","background-repeat":"repeat","background-position":"center center","background-size":"auto","background-attachment":"scroll","background-type":"","background-media":"","overlay-type":"","overlay-color":"","overlay-opacity":"","overlay-gradient":""},"mobile":{"background-color":"var(--ast-global-color-5)","background-image":"","background-repeat":"repeat","background-position":"center center","background-size":"auto","background-attachment":"scroll","background-type":"","background-media":"","overlay-type":"","overlay-color":"","overlay-opacity":"","overlay-gradient":""}},"footnotes":""},"class_list":["post-559","page","type-page","status-publish","hentry"],"yoast_head":"<!-- This site is optimized with the Yoast SEO plugin v27.3 - https:\/\/yoast.com\/product\/yoast-seo-wordpress\/ -->\n<title>Noticias -<\/title>\n<meta name=\"description\" content=\"Noticias - secci\u00f3n de noticias con las \u00faltimas novedades del proyecto Oleo Mitiga y con el \u00e1mbito de la agroindustria.\" \/>\n<meta name=\"robots\" content=\"index, follow, max-snippet:-1, max-image-preview:large, max-video-preview:-1\" \/>\n<link rel=\"canonical\" href=\"https:\/\/oleomitiga.com\/index.php\/noticias\/\" \/>\n<meta property=\"og:locale\" content=\"es_ES\" \/>\n<meta property=\"og:type\" content=\"article\" \/>\n<meta property=\"og:title\" content=\"Noticias -\" \/>\n<meta property=\"og:description\" content=\"Noticias - secci\u00f3n de noticias con las \u00faltimas novedades del proyecto Oleo Mitiga y con el \u00e1mbito de la agroindustria.\" \/>\n<meta property=\"og:url\" content=\"https:\/\/oleomitiga.com\/index.php\/noticias\/\" \/>\n<meta property=\"article:modified_time\" content=\"2025-06-18T08:04:31+00:00\" \/>\n<meta name=\"twitter:card\" content=\"summary_large_image\" \/>\n<script type=\"application\/ld+json\" class=\"yoast-schema-graph\">{\"@context\":\"https:\\\/\\\/schema.org\",\"@graph\":[{\"@type\":\"WebPage\",\"@id\":\"https:\\\/\\\/oleomitiga.com\\\/index.php\\\/noticias\\\/\",\"url\":\"https:\\\/\\\/oleomitiga.com\\\/index.php\\\/noticias\\\/\",\"name\":\"Noticias -\",\"isPartOf\":{\"@id\":\"https:\\\/\\\/oleomitiga.com\\\/#website\"},\"datePublished\":\"2024-06-07T10:26:43+00:00\",\"dateModified\":\"2025-06-18T08:04:31+00:00\",\"description\":\"Noticias - secci\u00f3n de noticias con las \u00faltimas novedades del proyecto Oleo Mitiga y con el \u00e1mbito de la agroindustria.\",\"breadcrumb\":{\"@id\":\"https:\\\/\\\/oleomitiga.com\\\/index.php\\\/noticias\\\/#breadcrumb\"},\"inLanguage\":\"es\",\"potentialAction\":[{\"@type\":\"ReadAction\",\"target\":[\"https:\\\/\\\/oleomitiga.com\\\/index.php\\\/noticias\\\/\"]}]},{\"@type\":\"BreadcrumbList\",\"@id\":\"https:\\\/\\\/oleomitiga.com\\\/index.php\\\/noticias\\\/#breadcrumb\",\"itemListElement\":[{\"@type\":\"ListItem\",\"position\":1,\"name\":\"Portada\",\"item\":\"https:\\\/\\\/oleomitiga.com\\\/\"},{\"@type\":\"ListItem\",\"position\":2,\"name\":\"Noticias\"}]},{\"@type\":\"WebSite\",\"@id\":\"https:\\\/\\\/oleomitiga.com\\\/#website\",\"url\":\"https:\\\/\\\/oleomitiga.com\\\/\",\"name\":\"\",\"description\":\"\",\"potentialAction\":[{\"@type\":\"SearchAction\",\"target\":{\"@type\":\"EntryPoint\",\"urlTemplate\":\"https:\\\/\\\/oleomitiga.com\\\/?s={search_term_string}\"},\"query-input\":{\"@type\":\"PropertyValueSpecification\",\"valueRequired\":true,\"valueName\":\"search_term_string\"}}],\"inLanguage\":\"es\"}]}<\/script>\n<!-- \/ Yoast SEO plugin. -->","yoast_head_json":{"title":"Noticias -","description":"Noticias - secci\u00f3n de noticias con las \u00faltimas novedades del proyecto Oleo Mitiga y con el \u00e1mbito de la agroindustria.","robots":{"index":"index","follow":"follow","max-snippet":"max-snippet:-1","max-image-preview":"max-image-preview:large","max-video-preview":"max-video-preview:-1"},"canonical":"https:\/\/oleomitiga.com\/index.php\/noticias\/","og_locale":"es_ES","og_type":"article","og_title":"Noticias -","og_description":"Noticias - secci\u00f3n de noticias con las \u00faltimas novedades del proyecto Oleo Mitiga y con el \u00e1mbito de la agroindustria.","og_url":"https:\/\/oleomitiga.com\/index.php\/noticias\/","article_modified_time":"2025-06-18T08:04:31+00:00","twitter_card":"summary_large_image","schema":{"@context":"https:\/\/schema.org","@graph":[{"@type":"WebPage","@id":"https:\/\/oleomitiga.com\/index.php\/noticias\/","url":"https:\/\/oleomitiga.com\/index.php\/noticias\/","name":"Noticias -","isPartOf":{"@id":"https:\/\/oleomitiga.com\/#website"},"datePublished":"2024-06-07T10:26:43+00:00","dateModified":"2025-06-18T08:04:31+00:00","description":"Noticias - secci\u00f3n de noticias con las \u00faltimas novedades del proyecto Oleo Mitiga y con el \u00e1mbito de la agroindustria.","breadcrumb":{"@id":"https:\/\/oleomitiga.com\/index.php\/noticias\/#breadcrumb"},"inLanguage":"es","potentialAction":[{"@type":"ReadAction","target":["https:\/\/oleomitiga.com\/index.php\/noticias\/"]}]},{"@type":"BreadcrumbList","@id":"https:\/\/oleomitiga.com\/index.php\/noticias\/#breadcrumb","itemListElement":[{"@type":"ListItem","position":1,"name":"Portada","item":"https:\/\/oleomitiga.com\/"},{"@type":"ListItem","position":2,"name":"Noticias"}]},{"@type":"WebSite","@id":"https:\/\/oleomitiga.com\/#website","url":"https:\/\/oleomitiga.com\/","name":"","description":"","potentialAction":[{"@type":"SearchAction","target":{"@type":"EntryPoint","urlTemplate":"https:\/\/oleomitiga.com\/?s={search_term_string}"},"query-input":{"@type":"PropertyValueSpecification","valueRequired":true,"valueName":"search_term_string"}}],"inLanguage":"es"}]}},"_links":{"self":[{"href":"https:\/\/oleomitiga.com\/index.php\/wp-json\/wp\/v2\/pages\/559","targetHints":{"allow":["GET"]}}],"collection":[{"href":"https:\/\/oleomitiga.com\/index.php\/wp-json\/wp\/v2\/pages"}],"about":[{"href":"https:\/\/oleomitiga.com\/index.php\/wp-json\/wp\/v2\/types\/page"}],"author":[{"embeddable":true,"href":"https:\/\/oleomitiga.com\/index.php\/wp-json\/wp\/v2\/users\/1"}],"replies":[{"embeddable":true,"href":"https:\/\/oleomitiga.com\/index.php\/wp-json\/wp\/v2\/comments?post=559"}],"version-history":[{"count":4,"href":"https:\/\/oleomitiga.com\/index.php\/wp-json\/wp\/v2\/pages\/559\/revisions"}],"predecessor-version":[{"id":784,"href":"https:\/\/oleomitiga.com\/index.php\/wp-json\/wp\/v2\/pages\/559\/revisions\/784"}],"wp:attachment":[{"href":"https:\/\/oleomitiga.com\/index.php\/wp-json\/wp\/v2\/media?parent=559"}],"curies":[{"name":"wp","href":"https:\/\/api.w.org\/{rel}","templated":true}]}}