{"id":25,"date":"2024-04-23T10:23:39","date_gmt":"2024-04-23T10:23:39","guid":{"rendered":"https:\/\/oleomitiga.com\/?page_id=25"},"modified":"2024-05-09T12:13:49","modified_gmt":"2024-05-09T12:13:49","slug":"objetivos","status":"publish","type":"page","link":"https:\/\/oleomitiga.com\/index.php\/objetivos\/","title":{"rendered":"Objetivos"},"content":{"rendered":"\t\t<div data-elementor-type=\"wp-page\" data-elementor-id=\"25\" class=\"elementor elementor-25\">\n\t\t\t\t<div class=\"elementor-element elementor-element-a4a6817 e-flex e-con-boxed e-con e-parent\" data-id=\"a4a6817\" data-element_type=\"container\" data-e-type=\"container\" data-settings=\"{&quot;background_background&quot;:&quot;classic&quot;}\">\n\t\t\t\t\t<div class=\"e-con-inner\">\n\t\t\t\t<div class=\"elementor-element elementor-element-9b1f0ce elementor-tabs-view-horizontal elementor-invisible elementor-widget elementor-widget-tabs\" data-id=\"9b1f0ce\" data-element_type=\"widget\" data-e-type=\"widget\" data-settings=\"{&quot;_animation&quot;:&quot;fadeIn&quot;}\" data-widget_type=\"tabs.default\">\n\t\t\t\t<div class=\"elementor-widget-container\">\n\t\t\t\t\t\t\t<div class=\"elementor-tabs\">\n\t\t\t<div class=\"elementor-tabs-wrapper\" role=\"tablist\" >\n\t\t\t\t\t\t\t\t\t<div id=\"elementor-tab-title-1621\" class=\"elementor-tab-title elementor-tab-desktop-title\" aria-selected=\"true\" data-tab=\"1\" role=\"tab\" tabindex=\"0\" aria-controls=\"elementor-tab-content-1621\" aria-expanded=\"false\">OBJETIVO 1<\/div>\n\t\t\t\t\t\t\t\t\t<div id=\"elementor-tab-title-1622\" class=\"elementor-tab-title elementor-tab-desktop-title\" aria-selected=\"false\" data-tab=\"2\" role=\"tab\" tabindex=\"-1\" aria-controls=\"elementor-tab-content-1622\" aria-expanded=\"false\">OBJETIVO 2<\/div>\n\t\t\t\t\t\t\t\t\t<div id=\"elementor-tab-title-1623\" class=\"elementor-tab-title elementor-tab-desktop-title\" aria-selected=\"false\" data-tab=\"3\" role=\"tab\" tabindex=\"-1\" aria-controls=\"elementor-tab-content-1623\" aria-expanded=\"false\">OBJETIVO 3<\/div>\n\t\t\t\t\t\t\t\t\t<div id=\"elementor-tab-title-1624\" class=\"elementor-tab-title elementor-tab-desktop-title\" aria-selected=\"false\" data-tab=\"4\" role=\"tab\" tabindex=\"-1\" aria-controls=\"elementor-tab-content-1624\" aria-expanded=\"false\">OBJETIVO 4<\/div>\n\t\t\t\t\t\t\t<\/div>\n\t\t\t<div class=\"elementor-tabs-content-wrapper\" role=\"tablist\" aria-orientation=\"vertical\">\n\t\t\t\t\t\t\t\t\t<div class=\"elementor-tab-title elementor-tab-mobile-title\" aria-selected=\"true\" data-tab=\"1\" role=\"tab\" tabindex=\"0\" aria-controls=\"elementor-tab-content-1621\" aria-expanded=\"false\">OBJETIVO 1<\/div>\n\t\t\t\t\t<div id=\"elementor-tab-content-1621\" class=\"elementor-tab-content elementor-clearfix\" data-tab=\"1\" role=\"tabpanel\" aria-labelledby=\"elementor-tab-title-1621\" tabindex=\"0\" hidden=\"false\"><p><span style=\"text-decoration: underline; color: #ffffff;\"><strong>Tecnolog\u00eda de mitigaci\u00f3n y emisiones negativas (LMTs):<\/strong><\/span><\/p><p><span style=\"color: #ffffff;\">El olivar tradicional andaluz y su valor como tecnolog\u00eda de mitigaci\u00f3n basada en los usos del suelo, con capacidad de aportar balance de emisiones negativas de gases de efecto invernadero. <\/span><\/p><p><span style=\"color: #ffffff;\">Para ello se trabajan las buenas pr\u00e1cticas de manejo del olivar tradicional para ganar valor a\u00f1adido y potencial como tecnolog\u00eda de mitigaci\u00f3n del cambio clim\u00e1tico. Las buenas pr\u00e1cticas a escala de finca integran aspectos tales como la conservaci\u00f3n y regeneraci\u00f3n de suelos, la gesti\u00f3n del agua, el manejo de la biodiversidad, la productividad agr\u00edcola y finalmente el secuestro y almacenamiento de carbono. <\/span><\/p><p><span style=\"color: #ffffff;\">Esto incide en resultados relacionados con:<\/span><\/p><ul><li><span style=\"color: #ffffff;\"><strong>Resultado 1. Buenas pr\u00e1cticas, suelo, agua y carbono.<\/strong> Conservaci\u00f3n, regeneraci\u00f3n de suelos y almacenamiento de carbono. Eficiencia en la circulaci\u00f3n del agua y los nutrientes.<\/span><\/li><li><span style=\"color: #ffffff;\"><strong>Resultado 2. Buenas pr\u00e1cticas, vegetaci\u00f3n y carbono.<\/strong> Relacionado con la gesti\u00f3n de la vegetaci\u00f3n, tanto en el olivar como en el monte mediterr\u00e1neo y\/o los pastos asociados que integran el paisaje agrario y la biodiversidad asociada, ligado al potencial de almacenamiento de carbono por la biomasa.<\/span><\/li><\/ul><\/div>\n\t\t\t\t\t\t\t\t\t<div class=\"elementor-tab-title elementor-tab-mobile-title\" aria-selected=\"false\" data-tab=\"2\" role=\"tab\" tabindex=\"-1\" aria-controls=\"elementor-tab-content-1622\" aria-expanded=\"false\">OBJETIVO 2<\/div>\n\t\t\t\t\t<div id=\"elementor-tab-content-1622\" class=\"elementor-tab-content elementor-clearfix\" data-tab=\"2\" role=\"tabpanel\" aria-labelledby=\"elementor-tab-title-1622\" tabindex=\"0\" hidden=\"hidden\"><p><span style=\"text-decoration: underline; color: #ffffff;\"><strong>T\u00e9cnicas y metodolog\u00edas de monitorizaci\u00f3n y construcci\u00f3n de modelos:<\/strong><\/span><\/p><p><span style=\"color: #ffffff;\">Mejora de la innovaci\u00f3n en los procesos de medici\u00f3n, monitorizaci\u00f3n, seguimiento, an\u00e1lisis, modelizaci\u00f3n y escalado del potencial de secuestro y almacenamiento de carbono por el olivar Tradicional. Se trabaja con una combinaci\u00f3n de t\u00e9cnicas basadas en m\u00e9todos de medici\u00f3n de carbono in situ y mediante teledetecci\u00f3n, tanto en suelo como en biomasa. Esto incide en resultados relacionados con:<\/span><\/p><ul><li><span style=\"color: #ffffff;\"><strong>Resultado 3. Monitorizaci\u00f3n in situ.<\/strong> Se trabaja la medici\u00f3n del carbono en el olivar tradicional con t\u00e9cnicas de monitoreo in situ que tienen en cuenta el carbono almacenado en suelo y biomasa.\u00a0<\/span><\/li><li><span style=\"color: #ffffff;\"><strong>Resultado 4. Monitorizaci\u00f3n mediante teledetecci\u00f3n.<\/strong> Se trabaja la medici\u00f3n del carbono en el olivar tradicional con t\u00e9cnicas de monitoreo mediante teledetecci\u00f3n, tanto con la obtenci\u00f3n de informaci\u00f3n proveniente de sensores remotos (sat\u00e9lite, a\u00e9reos, UAV), que aportan valores que pueden relacionarse con los contenidos de carbono almacenado en la biomasa y\/o suelo.\u00a0<\/span><\/li><li><span style=\"color: #ffffff;\"><strong>Resultado 5. Construcci\u00f3n de modelos y escalado.<\/strong> Los modelos se construyen a partir de los datos aportados por la combinaci\u00f3n de t\u00e9cnicas basadas en teledetecci\u00f3n e in situ.\u00a0<\/span><\/li><\/ul><\/div>\n\t\t\t\t\t\t\t\t\t<div class=\"elementor-tab-title elementor-tab-mobile-title\" aria-selected=\"false\" data-tab=\"3\" role=\"tab\" tabindex=\"-1\" aria-controls=\"elementor-tab-content-1623\" aria-expanded=\"false\">OBJETIVO 3<\/div>\n\t\t\t\t\t<div id=\"elementor-tab-content-1623\" class=\"elementor-tab-content elementor-clearfix\" data-tab=\"3\" role=\"tabpanel\" aria-labelledby=\"elementor-tab-title-1623\" tabindex=\"0\" hidden=\"hidden\"><p><span style=\"text-decoration: underline; color: #ffffff;\"><strong>Olivar tradicional y mercados de carbono:<\/strong><\/span><\/p><p><span style=\"color: #ffffff;\">Avanzar en el potencial econ\u00f3mico y el valor a\u00f1adido del olivar tradicional en los mercados de carbono. Se trabajar\u00e1 desde varias perspectivas, a trav\u00e9s de dos resultados m\u00e1s.<\/span><\/p><ul><li><span style=\"color: #ffffff;\"><strong>Resultado 6. Olivar tradicional y mercados de carbono.<\/strong> Aplicaciones pr\u00e1cticas de modelos de trabajo en fincas piloto de olivar tradicional que ejecutan buenas pr\u00e1cticas de emisiones negativas en los mercados voluntarios de carbono. Monetizaci\u00f3n del almacenamiento y secuestro de carbono. Transferencia y escalabilidad. Cuantificaci\u00f3n del valor a\u00f1adido, tambi\u00e9n en t\u00e9rminos de generaci\u00f3n de nuevos modelos de negocio capaces de atraer empleo y poblaci\u00f3n, j\u00f3venes, mujeres en el olivar tradicional andaluz a trav\u00e9s de tecnolog\u00edas y aplicaciones disponibles.<\/span><\/li><li><span style=\"color: #ffffff;\"><strong>Resultado 7. Validaci\u00f3n y certificaci\u00f3n.<\/strong> Validaci\u00f3n de t\u00e9cnicas y metodolog\u00edas de medici\u00f3n del secuestro y almacenamiento de carbono en el olivar tradicional y certificaci\u00f3n de las emisiones negativas de las explotaciones olivareras que aplican buenas pr\u00e1cticas para mitigaci\u00f3n. Se trabajan ideas tales como los proyectos y metodolog\u00edas, la certificaci\u00f3n de derechos de emisiones, o la monetizaci\u00f3n del almacenamiento y secuestro de carbono y su traducci\u00f3n en valores econ\u00f3micos.<\/span><\/li><\/ul><\/div>\n\t\t\t\t\t\t\t\t\t<div class=\"elementor-tab-title elementor-tab-mobile-title\" aria-selected=\"false\" data-tab=\"4\" role=\"tab\" tabindex=\"-1\" aria-controls=\"elementor-tab-content-1624\" aria-expanded=\"false\">OBJETIVO 4<\/div>\n\t\t\t\t\t<div id=\"elementor-tab-content-1624\" class=\"elementor-tab-content elementor-clearfix\" data-tab=\"4\" role=\"tabpanel\" aria-labelledby=\"elementor-tab-title-1624\" tabindex=\"0\" hidden=\"hidden\"><p><span style=\"text-decoration: underline; color: #ffffff;\"><strong>Divulgaci\u00f3n y comunicaci\u00f3n a los agricultores y partes interesadas:<\/strong><\/span><\/p><p><span style=\"color: #ffffff;\">Actividades de difusi\u00f3n y transferencia tecnol\u00f3gica continua con los agricultores y las administraciones, entre otras, a trav\u00e9s de seminarios y redes de trabajo con los propietarios de las fincas piloto, p\u00e1ginas webs y redes t\u00e9cnico cient\u00edficas enfocadas a la agronom\u00eda, la adaptaci\u00f3n y la mitigaci\u00f3n, que se proponen desarrollar durante el funcionamiento del grupo operativo. <\/span><\/p><p><span style=\"color: #ffffff;\">Se busca, mediante la asistencia t\u00e9cnica, la innovaci\u00f3n y la difusi\u00f3n continua, un <strong>enfoque de gesti\u00f3n integral<\/strong> con los propietarios de las parcelas de las zonas piloto, de tal forma que la transferencia tecnol\u00f3gica se realice mediante dos ideas que es preciso hacer llegar al sector, por un lado, <strong>buscar estrategias econ\u00f3micamente viables<\/strong> y, por otro lado, <strong>concienciar a los propietarios<\/strong> de la importancia que un buen manejo sostenible de sus olivares tiene sobre la conservaci\u00f3n y mejora de los suelos, la adaptaci\u00f3n a la sequ\u00eda y la mitigaci\u00f3n del cambio clim\u00e1tico, los recursos naturales del territorio y el potencial de mejora existente en aspectos tales como la biodiversidad o el clima.<\/span><\/p><\/div>\n\t\t\t\t\t\t\t<\/div>\n\t\t<\/div>\n\t\t\t\t\t\t<\/div>\n\t\t\t\t<\/div>\n\t\t\t\t\t<\/div>\n\t\t\t\t<\/div>\n\t\t\t\t<\/div>\n\t\t","protected":false},"excerpt":{"rendered":"<p>OBJETIVO 1 OBJETIVO 2 OBJETIVO 3 OBJETIVO 4 OBJETIVO 1 Tecnolog\u00eda de mitigaci\u00f3n y emisiones negativas (LMTs): El olivar tradicional [&hellip;]<\/p>\n","protected":false},"author":1,"featured_media":0,"parent":0,"menu_order":0,"comment_status":"closed","ping_status":"closed","template":"","meta":{"site-sidebar-layout":"no-sidebar","site-content-layout":"","ast-site-content-layout":"full-width-container","site-content-style":"default","site-sidebar-style":"default","ast-global-header-display":"","ast-banner-title-visibility":"","ast-main-header-display":"","ast-hfb-above-header-display":"","ast-hfb-below-header-display":"","ast-hfb-mobile-header-display":"","site-post-title":"disabled","ast-breadcrumbs-content":"","ast-featured-img":"disabled","footer-sml-layout":"","theme-transparent-header-meta":"","adv-header-id-meta":"","stick-header-meta":"","header-above-stick-meta":"","header-main-stick-meta":"","header-below-stick-meta":"","astra-migrate-meta-layouts":"default","ast-page-background-enabled":"default","ast-page-background-meta":{"desktop":{"background-color":"var(--ast-global-color-4)","background-image":"","background-repeat":"repeat","background-position":"center center","background-size":"auto","background-attachment":"scroll","background-type":"","background-media":"","overlay-type":"","overlay-color":"","overlay-opacity":"","overlay-gradient":""},"tablet":{"background-color":"","background-image":"","background-repeat":"repeat","background-position":"center center","background-size":"auto","background-attachment":"scroll","background-type":"","background-media":"","overlay-type":"","overlay-color":"","overlay-opacity":"","overlay-gradient":""},"mobile":{"background-color":"","background-image":"","background-repeat":"repeat","background-position":"center center","background-size":"auto","background-attachment":"scroll","background-type":"","background-media":"","overlay-type":"","overlay-color":"","overlay-opacity":"","overlay-gradient":""}},"ast-content-background-meta":{"desktop":{"background-color":"var(--ast-global-color-5)","background-image":"","background-repeat":"repeat","background-position":"center center","background-size":"auto","background-attachment":"scroll","background-type":"","background-media":"","overlay-type":"","overlay-color":"","overlay-opacity":"","overlay-gradient":""},"tablet":{"background-color":"var(--ast-global-color-5)","background-image":"","background-repeat":"repeat","background-position":"center center","background-size":"auto","background-attachment":"scroll","background-type":"","background-media":"","overlay-type":"","overlay-color":"","overlay-opacity":"","overlay-gradient":""},"mobile":{"background-color":"var(--ast-global-color-5)","background-image":"","background-repeat":"repeat","background-position":"center center","background-size":"auto","background-attachment":"scroll","background-type":"","background-media":"","overlay-type":"","overlay-color":"","overlay-opacity":"","overlay-gradient":""}},"footnotes":""},"class_list":["post-25","page","type-page","status-publish","hentry"],"yoast_head":"<!-- This site is optimized with the Yoast SEO plugin v27.3 - https:\/\/yoast.com\/product\/yoast-seo-wordpress\/ -->\n<title>Objetivos - OLEO MITIGA<\/title>\n<meta name=\"description\" content=\"Objetivos - Objetivos del proyecto del Grupo Operativo OLEO MITIGA y pr\u00e1cticas para la implementaci\u00f3n de los mismos.\" \/>\n<meta name=\"robots\" content=\"index, follow, max-snippet:-1, max-image-preview:large, max-video-preview:-1\" \/>\n<link rel=\"canonical\" href=\"https:\/\/oleomitiga.com\/index.php\/objetivos\/\" \/>\n<meta property=\"og:locale\" content=\"es_ES\" \/>\n<meta property=\"og:type\" content=\"article\" \/>\n<meta property=\"og:title\" content=\"Objetivos - OLEO MITIGA\" \/>\n<meta property=\"og:description\" content=\"Objetivos - Objetivos del proyecto del Grupo Operativo OLEO MITIGA y pr\u00e1cticas para la implementaci\u00f3n de los mismos.\" \/>\n<meta property=\"og:url\" content=\"https:\/\/oleomitiga.com\/index.php\/objetivos\/\" \/>\n<meta property=\"article:modified_time\" content=\"2024-05-09T12:13:49+00:00\" \/>\n<meta name=\"twitter:card\" content=\"summary_large_image\" \/>\n<meta name=\"twitter:label1\" content=\"Tiempo de lectura\" \/>\n\t<meta name=\"twitter:data1\" content=\"4 minutos\" \/>\n<script type=\"application\/ld+json\" class=\"yoast-schema-graph\">{\"@context\":\"https:\\\/\\\/schema.org\",\"@graph\":[{\"@type\":\"WebPage\",\"@id\":\"https:\\\/\\\/oleomitiga.com\\\/index.php\\\/objetivos\\\/\",\"url\":\"https:\\\/\\\/oleomitiga.com\\\/index.php\\\/objetivos\\\/\",\"name\":\"Objetivos - OLEO MITIGA\",\"isPartOf\":{\"@id\":\"https:\\\/\\\/oleomitiga.com\\\/#website\"},\"datePublished\":\"2024-04-23T10:23:39+00:00\",\"dateModified\":\"2024-05-09T12:13:49+00:00\",\"description\":\"Objetivos - Objetivos del proyecto del Grupo Operativo OLEO MITIGA y pr\u00e1cticas para la implementaci\u00f3n de los mismos.\",\"breadcrumb\":{\"@id\":\"https:\\\/\\\/oleomitiga.com\\\/index.php\\\/objetivos\\\/#breadcrumb\"},\"inLanguage\":\"es\",\"potentialAction\":[{\"@type\":\"ReadAction\",\"target\":[\"https:\\\/\\\/oleomitiga.com\\\/index.php\\\/objetivos\\\/\"]}]},{\"@type\":\"BreadcrumbList\",\"@id\":\"https:\\\/\\\/oleomitiga.com\\\/index.php\\\/objetivos\\\/#breadcrumb\",\"itemListElement\":[{\"@type\":\"ListItem\",\"position\":1,\"name\":\"Portada\",\"item\":\"https:\\\/\\\/oleomitiga.com\\\/\"},{\"@type\":\"ListItem\",\"position\":2,\"name\":\"Objetivos\"}]},{\"@type\":\"WebSite\",\"@id\":\"https:\\\/\\\/oleomitiga.com\\\/#website\",\"url\":\"https:\\\/\\\/oleomitiga.com\\\/\",\"name\":\"\",\"description\":\"\",\"potentialAction\":[{\"@type\":\"SearchAction\",\"target\":{\"@type\":\"EntryPoint\",\"urlTemplate\":\"https:\\\/\\\/oleomitiga.com\\\/?s={search_term_string}\"},\"query-input\":{\"@type\":\"PropertyValueSpecification\",\"valueRequired\":true,\"valueName\":\"search_term_string\"}}],\"inLanguage\":\"es\"}]}<\/script>\n<!-- \/ Yoast SEO plugin. -->","yoast_head_json":{"title":"Objetivos - OLEO MITIGA","description":"Objetivos - Objetivos del proyecto del Grupo Operativo OLEO MITIGA y pr\u00e1cticas para la implementaci\u00f3n de los mismos.","robots":{"index":"index","follow":"follow","max-snippet":"max-snippet:-1","max-image-preview":"max-image-preview:large","max-video-preview":"max-video-preview:-1"},"canonical":"https:\/\/oleomitiga.com\/index.php\/objetivos\/","og_locale":"es_ES","og_type":"article","og_title":"Objetivos - OLEO MITIGA","og_description":"Objetivos - Objetivos del proyecto del Grupo Operativo OLEO MITIGA y pr\u00e1cticas para la implementaci\u00f3n de los mismos.","og_url":"https:\/\/oleomitiga.com\/index.php\/objetivos\/","article_modified_time":"2024-05-09T12:13:49+00:00","twitter_card":"summary_large_image","twitter_misc":{"Tiempo de lectura":"4 minutos"},"schema":{"@context":"https:\/\/schema.org","@graph":[{"@type":"WebPage","@id":"https:\/\/oleomitiga.com\/index.php\/objetivos\/","url":"https:\/\/oleomitiga.com\/index.php\/objetivos\/","name":"Objetivos - OLEO MITIGA","isPartOf":{"@id":"https:\/\/oleomitiga.com\/#website"},"datePublished":"2024-04-23T10:23:39+00:00","dateModified":"2024-05-09T12:13:49+00:00","description":"Objetivos - Objetivos del proyecto del Grupo Operativo OLEO MITIGA y pr\u00e1cticas para la implementaci\u00f3n de los mismos.","breadcrumb":{"@id":"https:\/\/oleomitiga.com\/index.php\/objetivos\/#breadcrumb"},"inLanguage":"es","potentialAction":[{"@type":"ReadAction","target":["https:\/\/oleomitiga.com\/index.php\/objetivos\/"]}]},{"@type":"BreadcrumbList","@id":"https:\/\/oleomitiga.com\/index.php\/objetivos\/#breadcrumb","itemListElement":[{"@type":"ListItem","position":1,"name":"Portada","item":"https:\/\/oleomitiga.com\/"},{"@type":"ListItem","position":2,"name":"Objetivos"}]},{"@type":"WebSite","@id":"https:\/\/oleomitiga.com\/#website","url":"https:\/\/oleomitiga.com\/","name":"","description":"","potentialAction":[{"@type":"SearchAction","target":{"@type":"EntryPoint","urlTemplate":"https:\/\/oleomitiga.com\/?s={search_term_string}"},"query-input":{"@type":"PropertyValueSpecification","valueRequired":true,"valueName":"search_term_string"}}],"inLanguage":"es"}]}},"_links":{"self":[{"href":"https:\/\/oleomitiga.com\/index.php\/wp-json\/wp\/v2\/pages\/25","targetHints":{"allow":["GET"]}}],"collection":[{"href":"https:\/\/oleomitiga.com\/index.php\/wp-json\/wp\/v2\/pages"}],"about":[{"href":"https:\/\/oleomitiga.com\/index.php\/wp-json\/wp\/v2\/types\/page"}],"author":[{"embeddable":true,"href":"https:\/\/oleomitiga.com\/index.php\/wp-json\/wp\/v2\/users\/1"}],"replies":[{"embeddable":true,"href":"https:\/\/oleomitiga.com\/index.php\/wp-json\/wp\/v2\/comments?post=25"}],"version-history":[{"count":21,"href":"https:\/\/oleomitiga.com\/index.php\/wp-json\/wp\/v2\/pages\/25\/revisions"}],"predecessor-version":[{"id":402,"href":"https:\/\/oleomitiga.com\/index.php\/wp-json\/wp\/v2\/pages\/25\/revisions\/402"}],"wp:attachment":[{"href":"https:\/\/oleomitiga.com\/index.php\/wp-json\/wp\/v2\/media?parent=25"}],"curies":[{"name":"wp","href":"https:\/\/api.w.org\/{rel}","templated":true}]}}